 -28ad2c (base 14) to base 11.
-88567a
b0149 (base 13) to base 7
2446423
323001210 (base 4) to base 8
730144
2002174 (base 8) to base 14
d96b2
Convert -5bb572 (base 12) to base 8.
-5542146
Convert 1c2b1c6 (base 13) to base 4.
203232013221
1160322 (base 7) to base 16
24621
Convert 3462017 (base 11) to base 13.
133a646
Convert -662331 (base 11) to base 10.
-1057211
What is -3022423 (base 8) in base 13?
-21b37b
What is 21210200100 (base 3) in base 6?
3143013
Convert 62164 (base 11) to base 10.
90699
Convert -2f470f (base 16) to base 4.
-23310130033
Convert 5c7d3 (base 16) to base 7.
3135322
Convert -4523050 (base 6) to base 5.
-24310044
What is -1cb1d1 (base 16) in base 11?
-1074962
-11111001011010101 (base 2) to base 12
-61a99
-2131323120 (base 4) to base 9
-1185306
What is -64037 (base 12) in base 13?
-47a46
9743 (base 13) to base 8
51023
20022430 (base 5) to base 4
212202221
-14a186 (base 13) to base 12
-205a36
Convert -2507703 (base 8) to base 11.
-43303a
What is 102311322 (base 5) in base 4?
1221133113
Convert 10122002022001 (base 3) to base 2.
111010111010101110001
Convert -11011011101101110001010 (base 2) to base 13.
-1651045
353405 (base 7) to base 13
22c88
Convert 148931a (base 12) to base 14.
7a52bc
Convert 100442012 (base 5) to base 11.
257a44
Convert -133122233 (base 5) to base 2.
-10100101001011011000
74a3 (base 15) to base 13
b304
Convert -1004421322 (base 5) to base 8.
-7574023
-5bbc2 (base 14) to base 7
-1623532
-1a6419 (base 12) to base 7
-3653655
1a003 (base 16) to base 11
73018
Convert -2a8317 (base 11) to base 7.
-4035036
Convert 111100111001001 (base 2) to base 12.
16061
Convert -200344210 (base 5) to base 2.
-11000001110001010000
Convert 55623b (base 12) to base 2.
101001011101011001111
What is -1113100 (base 4) in base 6?
-41504
Convert -104571343 (base 8) to base 14.
-25709c7
What is -2224211 (base 7) in base 5?
-32301232
What is 6087b6 (base 12) in base 7?
15550251
424311412 (base 5) to base 16
1b55fa
What is 8043b0 (base 13) in base 16?
2d77c6
604887 (base 15) to base 3
22121021011101
What is 1000111101100100101100 (base 2) in base 6?
122204352
Convert 15a19c (base 13) to base 4.
2002330232
Convert -115216e (base 15) to base 6.
-1121554352
55015041 (base 7) to base 13
c8bb5a
What is 10120020202 (base 3) in base 2?
10001001000010110
Convert -1055044 (base 7) to base 4.
-200011021
What is -30120323 (base 7) in base 4?
-21200133302
Convert -5288705 (base 9) to base 4.
-22303330103
1290031 (base 10) to base 8
4727457
What is -62657 (base 9) in base 2?
-1010000110010010
What is 8433a9 (base 12) in base 3?
10220122022210
Convert 8a66c0 (base 16) to base 4.
202212123000
What is 20142400 (base 6) in base 12?
237a00
What is 12102312 (base 5) in base 4?
123203000
-12101021101001 (base 3) to base 4
-22322012101
What is 154471 (base 8) in base 7?
321061
11001222020 (base 4) to base 7
14125100
What is c1585 (base 15) in base 2?
10010101011100011101
Convert -164463 (base 11) to base 16.
-3e336
Convert -13b1d (base 16) to base 7.
-454121
Convert -670046 (base 8) to base 15.
-46b63
-2103215 (base 6) to base 12
-4ab0b
Convert 3533150 (base 6) to base 12.
8a1b6
-323120550 (base 6) to base 8
-25735022
Convert 4473 (base 13) to base 15.
2c73
2201210014 (base 5) to base 10
4710009
6345d (base 16) to base 4
1203101131
What is 312524 (base 8) in base 7?
611343
Convert 1565626 (base 8) to base 14.
bb3ca
2661c2 (base 13) to base 15
134c0b
Convert 40413515 (base 6) to base 4.
10121133113
-2211233 (base 4) to base 6
-121035
-20412341 (base 8) to base 16
-4214e1
-7141423 (base 8) to base 10
-1884947
What is 644632 (base 7) in base 6?
2223051
-1affe (base 16) to base 4
-122333332
What is 223420 (base 5) in base 6?
100545
541540 (base 7) to base 11
648a7
-1ed584 (base 16) to base 12
-8154b0
Convert 131863 (base 9) to base 14.
21302
What is 10111111000111 (base 2) in base 7?
50442
-210110220100 (base 3) to base 11
-269687
What is -93607 (base 13) in base 12?
-1091b1
Convert -1255a51 (base 13) to base 4.
-111311230031
502822 (base 15) to base 2
1110100001000100010001
-11020100111121 (base 3) to base 15
-2e6d7a
What is 61196 (base 12) in base 8?
366702
Convert -76696 (base 12) to base 10.
-156498
Convert -1000011111010100111001 (base 2) to base 14.
-41d05b
Convert 1a3545 (base 12) to base 14.
c05c9
What is -135625 (base 7) in base 14?
-96bc
What is 70aa7 (base 12) in base 4?
203310133
Convert -2553353 (base 6) to base 14.
-38b77
Convert -854867 (base 10) to base 13.
-23c150
What is -10320403 (base 5) in base 15?
-1b4d8
Convert -11010111100111101100100 (base 2) to base 14.
-d1cc28
Convert -10010100100101110 (base 2) to base 16.
-1292e
Convert -11202302212 (base 4) to base 2.
-101100010110010100110
5096 (base 10) to base 15
179b
4314212 (base 5) to base 12
36341
-201002010120 (base 3) to base 4
-1123223223
102101111200 (base 3) to base 2
110110101110101100
Convert -11111111100000100111 (base 2) to base 8.
-3774047
Convert 448301 (base 11) to base 16.
ae434
Convert -202945 (base 12) to base 4.
-1322223011
258b77 (base 16) to base 8
11305567
Convert -6115221 (base 7) to base 5.
-141230210
Convert -156626 (base 9) to base 12.
-47b96
Convert 140684 (base 9) to base 12.
41827
What is 1044050 (base 6) in base 9?
80303
-371a09 (base 12) to base 6
-31102413
What is 761f7 (base 16) in base 14?
c8475
Convert -1670126 (base 12) to base 7.
-54206634
14c4b (base 13) to base 15
ba45
What is 2037641 (base 8) in base 11?
33a164
-1a873 (base 11) to base 3
-1110210001
100101001000100000110 (base 2) to base 12
4a819a
Convert 356477 (base 10) to base 15.
70952
What is 49c5ea (base 15) in base 6?
203433334
What is -484885 (base 10) in base 4?
-1312120111
-3c3b1 (base 16) to base 9
-415366
Convert 533243 (base 6) to base 9.
65620
What is -103680 (base 13) in base 3?
-201020220010
What is -5019 (base 14) in base 8?
-32657
What is 100000111000001110111 (base 2) in base 14?
2008ab
What is 10351210 (base 6) in base 2?
1001011101100010110
What is -6db5 (base 15) in base 10?
-23345
What is -23a8a0 (base 12) in base 9?
-1071403
8448800 (base 10) to base 3
120220020120112
Convert -135551043 (base 6) to base 12.
-b2b483
What is -11001111110011010111100 (base 2) in base 7?
-111610055
133134043 (base 5) to base 4
2211120112
What is -1194062 (base 12) in base 3?
-20110011220202
561335 (base 8) to base 4
232023131
What is 13c687 (base 15) in base 16?
e8b8b
-7ac7a (base 13) to base 4
-312230122
What is 5326231 (base 7) in base 5?
131130041
Convert 475328 (base 9) to base 4.
1011311111
What is 202711 (base 8) in base 5?
4121032
Convert -208782 (base 9) to base 4.
-132122123
11366651 (base 7) to base 9
1806242
Convert -2101210221112 (base 3) to base 8.
-4673476
What is 2851d4 (base 14) in base 15?
1c8e38
-1a9038 (base 12) to base 15
-94bc8
What is 1060907 (base 11) in base 15?
26b3d8
Convert -1904335 (base 11) to base 15.
-43b115
Convert 11430441 (base 5) to base 10.
108246
Convert 20010002110 (base 4) to base 16.
204094
-12451214 (base 6) to base 9
-685861
Convert 10222010 (base 4) to base 10.
19076
What is -1000001110011101001 (base 2) in base 10?
-269545
1132300331 (base 4) to base 12
168765
-10011101001000001 (base 2) to base 12
-3a681
Convert 273419 (base 10) to base 14.
718dd
Convert -5b97a80 (base 12) to base 4.
-1010022021000
What is -1118757 (base 9) in base 4?
-2103111232
Convert -328c (base 14) to base 6.
-104300
What is 3013102223 (base 4) in base 7?
6636611
-22032 (base 4) to base 14
-34a
121353 (base 10) to base 13
4330b
-14995 (base 12) to base 2
-111000110000001
1111100010011100010 (base 2) to base 11
318598
What is -1400311041 (base 5) in base 8?
-15346213
What is 99257 (base 11) in base 4?
203022310
Convert -1255150 (base 8) to base 14.
-91bcc
4b203 (base 15) to base 5
30140303
What is 66818 (base 14) in base 9?
417846
What is -321404344 (base 5) in base 2?
-101001011010000110001
185b132 (base 13) to base 2
11110011000011010101111
-244316 (base 11) to base 5
-44330440
Convert -61497 (base 12) to base 4.
-132331303
Convert -12415835 (base 9) to base 2.
-10111001111100010000101
441321020 (base 5) to base 2
111010000001101001001
Convert -111201001212101 (base 3) to base 9.
-14631771
What is -17840 (base 14) in base 10?
-59248
2313241144 (base 5) to base 15
6ce49e
52541103 